 + 14*v - 20. Let k = -91 + 70. Let z be 183/k + 0 - (-4)/(-14). Let q be a(z). What is the highest common divisor of q and 4?
4
Let w(l) = 13 + 79*l - 23 - 11. Let u be w(3). What is the greatest common divisor of 36 and u?
36
Suppose 7*y - 10*y + 5 = 5*m, -2 = -y - 2*m. Suppose 2*l - 6 - 18 = y. Calculate the highest common factor of l and 66.
6
Suppose 201 = 108*k - 7575. Calculate the highest common divisor of 42984 and k.
72
Let q(s) = 8*s**2 - 190*s - 3148. Let n be q(-17). Calculate the greatest common factor of 855 and n.
171
Let u = -1124 + 1242. Calculate the highest common divisor of 2242 and u.
118
Let y(q) be the first derivative of -1/2*q**2 + 30 + 27*q. Let b be y(11). Calculate the greatest common factor of 112 and b.
16
Suppose 0*l = -4*l + 5*c + 6, 2*c - 16 = -3*l. Suppose -l*s + 840 = u, u = 12*s - 14*s + 420. Calculate the highest common factor of s and 60.
30
Let l = -288 - -457. Let p = -11188 + 11266. What is the highest common divisor of p and l?
13
Let u = 23 - 23. Suppose -2*w = -u*w - 4. Let k be (-2)/w*(1 + -4). What is the highest common factor of k and 21?
3
Suppose 2*t - 3 = 4*v - 33, 4*v - 33 = 5*t. Suppose 0 = -14*n + 12*n + 448. Let r = -196 + n. What is the greatest common factor of v and r?
7
Let t(y) = -y**2 - 2*y + 7. Let u be t(-3). Let l be 19/(264/560 - u/10). What is the greatest common divisor of l and 19?
19
Let l(n) = n**3 - 66*n**2 + 146*n - 1065. Let o be l(64). Calculate the highest common factor of 6989 and o.
29
Suppose -5*q + 2*b = -31, 24*b - 25*b - 8 = 0. Calculate the greatest common divisor of q and 5010.
3
Suppose 0 = 20*m - 36860 - 27920. What is the highest common factor of m and 41?
41
Suppose -23*t + 2224 = -4446. Calculate the highest common factor of t and 13630.
290
Suppose -2*a - 5 = -3*a. Let j(w) = 19*w**2 + 6*w + 12. Let p be j(-3). Suppose i + p = 4*i. What is the highest common divisor of i and a?
5
Suppose -58*h + 11250 = -25*h + 12*h. What is the greatest common divisor of h and 3200?
50
Let j(v) be the first derivative of 47*v**4/4 - 2*v**3/3 + 2*v**2 - 2*v + 3. Let b be j(2). Let p = 8078 - 8044. What is the greatest common divisor of b and p?
34
Let v be (0 - 2)/(-1) + 1722/7. Suppose 2*o - v = 654. Let f = -181 + o. Calculate the highest common factor of f and 30.
30
Let u(r) = -12683*r**3 + 3*r**2 + 7*r - 4. Let q be u(-1). What is the highest common factor of q and 169?
169
Let i = 121 - 105. Let p be (15 - i)/((-2)/308). What is the greatest common divisor of 14 and p?
14
Suppose 2*q - 36 = -0*q - 5*o, 2*o + 12 = 0. What is the highest common factor of q and 968?
11
Let i be 2 - (-143)/(-65)*-2293 - 4/(-10). What is the highest common divisor of i and 245?
49
Let x be (-96)/(-18) - 2/6. Suppose c = -r + 8 + x, -5*c - 3*r + 57 = 0. Suppose 42*b = 41*b + 45. Calculate the greatest common factor of b and c.
9
Let w(s) be the second derivative of 9/2*s**3 + 1/12*s**4 + 23*s**2 - 23*s + 0. Let l be w(-26). Calculate the greatest common factor of l and 80.
20
Suppose 321*b = -5*v + 325*b + 5769, 0 = v + 4*b - 1173. Calculate the greatest common factor of 65 and v.
13
Let b = -130 + 244. Let s(g) = -2*g**2 + 69*g + 39. Let d be s(32). Let t = d - 123. Calculate the greatest common divisor of b and t.
38
Suppose 4*j - 36 = 4*z, -z + 3*z + 30 = 5*j. Suppose 3*t = j*c - 232 - 152, 0 = c + 3*t - 96. What is the greatest common divisor of c and 32?
32
Suppose -3*j + 512 = j. Suppose 84 - 412 = -3*l + 5*f, -l = -f - 104. What is the highest common divisor of l and j?
32
Let j(k) = -5*k + 93. Let n be j(18). Let z(m) = 35*m - 35. Let w be z(n). What is the highest common divisor of 56 and w?
14
Let h = 35029 + -34156. Calculate the highest common divisor of 9 and h.
9
Suppose 5*v - 248 = -4*a - 0*a, 5*v = 20. Suppose 0 = -2*q - 12*p + 14*p + 48, -a = -3*q - 2*p. What is the highest common divisor of q and 21?
21
Let b = 30 - 9. Let j(z) = z**2 - 1. Let w be j(1). Let p(i) = i**3 + 3*i**2 + 14. Let r be p(w). What is the greatest common factor of b and r?
7
Let d = -399 + 182. Let i = d + 221. What is the greatest common factor of 2 and i?
2
Let n be (4 - (-3465)/(-30))/(1/(-4)). What is the greatest common factor of n and 16279?
223
Suppose 5*v = q + 9685, -4*v - 175*q + 7769 = -180*q. What is the highest common divisor of 224 and v?
16
Suppose -12384 = 209*p - 241*p. What is the highest common divisor of p and 45?
9
Suppose 10*l - 171390 = -135*l. Calculate the highest common divisor of l and 3.
3
Suppose 10*s = 46*s + 3*s - 4368. What is the highest common divisor of 112 and s?
112
Suppose 2*y + 2*f - 310 - 474 = 0, y - 372 = 4*f. What is the highest common divisor of 4 and y?
4
Let z be (528/(-10))/(-6)*(-35)/(-14). Let y be (-55)/(-2)*(-16)/(-20). Calculate the greatest common factor of z and y.
22
Let a = -12072 + 12117. Calculate the greatest common divisor of a and 1503.
9
Let z(p) = -p**3 - 38*p**2 - 136*p + 16. Let c be z(-4). Calculate the highest common factor of c and 2120.
8
Let i = 7965 + -7842. What is the greatest common divisor of i and 15?
3
Suppose 96*f - 2977 = -5*t + 97*f, 0 = -5*f + 15. Calculate the highest common factor of 2533 and t.
149
Let q be (57020/44)/5 + (-2)/11. Let y be 7 + (0/(-1))/(-2). Calculate the highest common divisor of q and y.
7
Let k(q) = 7*q**2 + 22*q - 336. Let h be k(-12). Calculate the highest common divisor of h and 8262.
102
Let x = -236 + 371. Suppose p - 6 = 3. Calculate the greatest common divisor of x and p.
9
Let o(z) = 276*z + 1048. Let q be o(14). Calculate the highest common factor of q and 8.
8
Suppose d + 3 = 8. Suppose 0 = -d*s + 13*s - 336. What is the highest common divisor of 112 and s?
14
Let f(v) = 48*v**2 + 215*v - 4574. Let p be f(19). Calculate the greatest common factor of p and 9.
9
Suppose -4*m - 3*c = -245, 2*m + 2*c - 19 = 107. Calculate the highest common factor of 2527 and m.
7
Let t(b) = 2*b**2 + 9*b - 145. Let z(g) = -g**2 - 5*g + 73. Let u(p) = 6*t(p) + 10*z(p). Let x be u(-16). What is the highest common divisor of x and 28?
28
Suppose -c - 4*q = -260, 3*c - 772 = -6*q + 2*q. Suppose 879 = 80*b + 239. What is the greatest common divisor of b and c?
8
Suppose 2*t - 535 = -3*x + 578, 0 = -3*t - 18. Calculate the highest common factor of x and 405.
15
Suppose -4*s + 30 = -142. Suppose 0 = -3*p - w + 642, 0 = 4*p + 3*w - 6*w - 869. What is the greatest common divisor of p and s?
43
Let x be 14/8 + (204/(-48))/(-17). Let d = -3 + 4. Let j = d + 2. What is the greatest common divisor of x and j?
1
Suppose 5*z = -5*f + 2085, -z - 2*z + 3*f + 1233 = 0. Let s = -126 + z. Calculate the highest common factor of s and 32.
32
Let u(q) = 5*q**3 + 104*q**2 - 29*q - 46. Let y be u(-21). What is the highest common divisor of 1769 and y?
61
Suppose 1 - 115 = -x + 4*r, -4*r = 32. What is the greatest common factor of 47396 and x?
82
Let z = -7207 - -7259. What is the greatest common factor of z and 754?
26
Let q be (-221)/(-102) - (-2)/(36/(-3)). Suppose 0*j - 1204 = -4*c - q*j, -5*c + 1491 = -j. What is the highest common factor of c and 26?
13
Let o(u) = 31*u**2 - 9359*u**3 - 5 + 3 + 9361*u**3 - 52*u. Let n be o(-17). What is the highest common factor of 15 and n?
15
Let n be -17 + 13 - (-7)/(21/597). Let f be 2/5 - (-2230)/50. Calculate the highest common factor of f and n.
15
Suppose 2*h = 4 - 14. Let t be (107/(-4) + -1)/(h/20). Suppose -5*u + 336 = t. What is the greatest common factor of u and 15?
15
Suppose -3*f = 4*c - 1042, -101 = f + 3*c - 440. Calculate the greatest common factor of f and 1711.
59
Let x be (9/4)/(0 - (-18)/912). Suppose 6*g - 2*s = g + x, 2*g = -4*s + 60. Let y be -4 + 78/g + (-447)/(-4). Calculate the greatest common factor of y and 37.
37
Let o = -411 - -411. Suppose -14*i + 2135 - 287 = o. Calculate the greatest common factor of 88 and i.
44
Let i = 470 - 278. Suppose -10*w + 9*w + i = 0. Calculate the highest common divisor of 12 and w.
12
Let l be (-69 + -3)/(-8) + 119. Calculate the greatest common factor of l and 496.
16
Let q = 2274 - 2046. What is the greatest common divisor of q and 380?
76
Let w = -87 - -92. Suppose -2*a + 2*j = -130, -3*j = -w*a - 7*j + 370. What is the highest common divisor of 42 and a?
14
Let p be (-2 + 15/6)*40. Let h be ((-330)/(-88))/(1/p). Calculate t